o base 3
-2112000221
a85841 (base 13) to base 15
531773
What is 16173122 (base 8) in base 9?
7018730
What is -1100120221120 (base 3) in base 16?
-afd55
What is -b9a486 (base 13) in base 16?
-4296fc
Convert -2111202001102 (base 3) to base 10.
-1333379
1007370 (base 9) to base 7
4364106
What is 8050 (base 15) in base 11?
19384
What is 20643 (base 7) in base 16?
1407
-62962 (base 10) to base 11
-43339
-221221211202 (base 3) to base 16
-7cbc2
Convert 416543 (base 12) to base 11.
641831
-8815d6 (base 15) to base 14
-c0b32d
38160 (base 10) to base 8
112420
321c7 (base 15) to base 13
57508
-33211214 (base 6) to base 15
-14a5b7
Convert 1ef047 (base 16) to base 2.
111101111000001000111
392502 (base 11) to base 5
124240231
-d00b (base 16) to base 4
-31000023
110000121220 (base 3) to base 8
716154
Convert -566435 (base 8) to base 14.
-4dc61
What is 1da7c (base 15) in base 5?
11044432
Convert a19999 (base 13) to base 16.
396adf
Convert -637486 (base 9) to base 10.
-379482
-45c73 (base 14) to base 3
-22121222021
-133332130322 (base 4) to base 9
-16685268
Convert 1383587 (base 9) to base 2.
10111010011101100011
What is -320200232 (base 4) in base 13?
-81485
Convert -1024421330 (base 5) to base 11.
-1263288
10011011 (base 4) to base 11
11610
Convert 3ee1d9 (base 15) to base 11.
17929a6
What is 443210255 (base 6) in base 15?
a7dddb
20412404 (base 5) to base 10
169729
What is 263835 (base 12) in base 14?
12505b
Convert 678585 (base 9) to base 14.
a8223
979496 (base 14) to base 16
4e5a5c
196a90 (base 11) to base 2
1001001110000100011
Convert 12101014 (base 5) to base 2.
11011011111111010
Convert -101012220021 (base 3) to base 7.
-1465246
Convert -423232 (base 8) to base 2.
-100010011010011010
What is 23bb11 (base 12) in base 6?
20235221
What is -7524022 (base 9) in base 7?
-46160216
What is -31435410 (base 9) in base 13?
-31a1402
Convert -11100000100100011 (base 2) to base 15.
-24104
-25522 (base 16) to base 8
-452442
-552636 (base 12) to base 11
-843a25
100000100000011011010000 (base 2) to base 14
11bb692
What is 2daaa (base 15) in base 7?
1153063
What is -7221552 (base 8) in base 9?
-3530438
What is 2031342104 (base 5) in base 15?
575139
What is 62bc (base 16) in base 14?
92d6
-4331206 (base 9) to base 10
-2323491
What is -67c96c (base 15) in base 2?
-10010111001010010100100
What is -12e025 (base 15) in base 4?
-3131222012
23230032 (base 7) to base 8
7622051
What is -231313030 (base 4) in base 9?
-315614
What is 6020a6 (base 11) in base 9?
1736300
What is 10211031 (base 4) in base 5?
1100030
-1022001002202 (base 3) to base 7
-5601545
Convert 1591ca (base 13) to base 3.
1000010210102
-5ae47 (base 15) to base 12
-11ba64
Convert 348058 (base 10) to base 8.
1247632
What is -30231122 (base 4) in base 7?
-304526
Convert -24da4 (base 14) to base 2.
-10110000110000100
Convert 2947bb (base 15) to base 14.
39b122
119a137 (base 11) to base 15
2b09d7
What is 2311004223 (base 5) in base 4?
103232303112
What is f86e5a (base 16) in base 2?
111110000110111001011010
20267c (base 14) to base 8
4102066
-1122132201 (base 5) to base 10
-2536551
Convert 930086 (base 11) to base 13.
403a1a
Convert 1100001001010101100 (base 2) to base 7.
3245224
Convert -15ea9 (base 15) to base 16.
-11499
Convert -11303203020 (base 4) to base 9.
-2768540
Convert -12265540 (base 7) to base 2.
-100001110101101110001
What is 4513030 (base 6) in base 9?
376020
-242444340 (base 5) to base 16
-116773
Convert 13583de (base 15) to base 11.
796872a
220123302 (base 4) to base 15
34113
e2c556 (base 15) to base 16
a466be
a8d7 (base 14) to base 5
1413242
What is -10231233131 (base 4) in base 7?
-13335206
-45609 (base 10) to base 14
-1289b
What is 214311 (base 5) in base 16?
1d20
Convert 5620a (base 11) to base 12.
3b16b
Convert -742583 (base 9) to base 6.
-13244033
Convert 1a8db (base 16) to base 8.
324333
Convert -623356 (base 7) to base 8.
-320555
Convert -57242 (base 9) to base 6.
-452232
-26c151 (base 13) to base 5
-220044201
Convert -2a444c (base 13) to base 16.
-fd59c
3143434 (base 5) to base 7
310334
What is 12112302102 (base 4) in base 13?
46451a
Convert 2851667 (base 9) to base 15.
20eeda
-78373 (base 9) to base 13
-1a913
What is 12064652 (base 9) in base 15?
7b4bcb
What is -30104410 (base 7) in base 3?
-11200110021121
What is 119000 (base 12) in base 9?
474100
-12100234 (base 5) to base 8
-333671
What is 7148803 (base 11) in base 2?
110000001100000001100001
Convert 166b5 (base 13) to base 14.
118c9
What is 1ba424 (base 12) in base 7?
4130413
Convert 241669 (base 11) to base 10.
382798
-5050513 (base 6) to base 2
-111010100101001101
Convert 10334328 (base 9) to base 3.
100101011100222
-544620 (base 8) to base 13
-651b9
3a643 (base 13) to base 11
74759
172865 (base 9) to base 12
52005
What is 5954466 (base 10) in base 7?
101416650
-4079aa6 (base 11) to base 5
-3320431121
Convert -25553242 (base 6) to base 2.
-11001100111001011010
626355 (base 7) to base 10
107889
What is -33044541 (base 7) in base 14?
-53b158
-110010010100001001001 (base 2) to base 14
-30cbb3
6d67 (base 16) to base 3
1102102022
Convert 741922 (base 14) to base 6.
220025522
-120201002210 (base 3) to base 5
-34343141
Convert 33903a4 (base 11) to base 14.
b05174
What is -1101202000 (base 4) in base 12?
-141314
Convert -322022122 (base 5) to base 9.
-2503734
What is 23302312 (base 4) in base 5?
3021220
Convert -343312121 (base 5) to base 14.
-2c1ada
What is 521cc (base 13) in base 2?
100100000001010000
20020542 (base 6) to base 11
354819
21379 (base 13) to base 12
2a81a
-62513 (base 13) to base 6
-3441405
Convert -120221110022 (base 3) to base 5.
-40020202
Convert -3b2e1 (base 16) to base 7.
-2026465
dae6 (base 15) to base 10
46341
Convert 22222220100100 (base 3) to base 11.
2776075
What is 1001111011000000100110 (base 2) in base 8?
11730046
Convert -4124 (base 10) to base 13.
-1b53
What is 245572 (base 9) in base 15?
2dec2
What is 31571 (base 13) in base 8?
255361
-1000000011110011100 (base 2) to base 13
-9328a
-84b2c (base 13) to base 14
-6323b
-2302354 (base 6) to base 11
-80079
-101610 (base 10) to base 16
-18cea
Convert 2102432 (base 6) to base 7.
602312
202403220 (base 5) to base 4
3021201123
-64159 (base 10) to base 9
-107007
Convert 104770 (base 11) to base 3.
22111111021
21525757 (base 9) to base 14
154da42
Convert -7538804 (base 10) to base 8.
-34604164
What is 40215 (base 8) in base 2?
100000010001101
What is 4239354 (base 10) in base 2?
10000001010111111111010
Convert -1bb68 (base 12) to base 6.
-515412
49149c (base 13) to base 2
110101010000101000111
Convert 1101110011110010000000 (base 2) to base 13.
9998c1
Convert -129a94 (base 13) to base 5.
-103344444
What is 1a5d (base 14) in base 15?
1642
Convert 100312130302 (base 4) to base 16.
436732
Convert 101235 (base 15) to base 10.
763250
-22a0b5c (base 13) to base 7
-156544650
Convert 465002 (base 8) to base 6.
3220242
f110 (base 16) to base 15
13442
What is 941471 (base 10) in base 14?
1a715d
-715021 (base 14) to base 11
-217779a
46421365 (base 7) to base 5
2020311013
-322013420 (base 5) to base 12
-557399
Convert -141d2d (base 14) to base 3.
-1022101212012
What is 1003351153 (base 6) in base 12?
35224b9
Convert -21131404 (base 5) to base 16.
-2b3d0
58277 (base 11) to base 9
137422
956a4a (base 12) to base 11
1369410
What is 1101001110010111101 (base 2) in base 11?
276637
Convert -764760 (base 9) to base 14.
-bc3b0
Convert -10110000111101110011 (base 2) to base 15.
-e4b86
Convert -20100212021200 (base 3) to base 8.
-14716757
297740 (base 11) to base 2
1110001010011001111
Convert -1624320 (base 7) to base 4.
-312320322
What is -189932 (base 10) in base 14?
-4d308
171967 (base 13) to base 3
1002012210011
-450715 (base 8) to base 2
-100101000111001101
Convert 24223111 (base 7) to base 5.
1023012214
-233200201 (base 4) to base 13
-6a759
Convert 33031103 (base 4) to base 16.
f353
What is 3378300 (base 10) in base 6?
200224140
What is 12212120022211 (base 3) in base 12?
1066227
-11011000111111001 (base 2) to base 15
-22db7
-16a64 (base 12) to base 4
-13331230
Convert 121312 (base 8) to base 5.
2313144
Convert -79397 (base 11) to base 3.
-12211122212
What is -17ca35 (base 16) in base 11?
-975408
Convert 1100011111001010110 (base 2) to base 5.
101043144
-1013012102 (base 4) to base 